-4*q + 88 = 3*g + 37, 0 = -2*g - 4*q + 38. What is the highest common divisor of 78 and g?
13
Let j = 109 - 77. Suppose j = v + v. What is the greatest common divisor of 64 and v?
16
Let h = 14 + -11. Suppose 0 = -c + f - 4*f + h, -3*c + 4*f = -74. Calculate the highest common factor of c and 27.
9
Let g(b) = -3*b + 9. Let o be g(9). Let t be (-3)/1 - (o + 3). What is the highest common divisor of 12 and t?
12
Let a = -1 + 8. What is the highest common divisor of a and 7?
7
Let j(d) = 34*d - 10. Let f be j(4). Calculate the highest common divisor of f and 42.
42
Let a(d) = -d**2 + 7*d - 6. Let b be a(9). Let m be 8/b*(-1 + -8). Calculate the greatest common factor of m and 3.
3
Suppose -3*r + 55 = 25. What is the greatest common factor of r and 40?
10
Let p = 6 + -2. Let k = 10 - p. Let t(c) = c**3 + c**2 + c + 15. Let a be t(0). What is the greatest common divisor of k and a?
3
Let f = 18 - -3. Calculate the highest common factor of f and 3.
3
Suppose 2 = -3*t + 38. Calculate the greatest common factor of 84 and t.
12
Let z(k) = -6*k + 9. Let p be z(-1). What is the highest common divisor of 12 and p?
3
Suppose 2*j - 5*j - 12 = 0. Let k(z) = -6*z - 6. Let d be k(j). Let x be 123/(-6)*-2 + 4. What is the highest common factor of x and d?
9
Let f be 5/(-10) - 9/(-2). Suppose 0*l = -f*l + 100. What is the greatest common divisor of 10 and l?
5
Suppose 0*h - 15 = -h. Let n = 14 + -20. Let v be (-2)/n + 58/6. Calculate the highest common divisor of v and h.
5
Let l = -323 - -483. Calculate the greatest common factor of l and 10.
10
Suppose 5 = -5*w - 0. Suppose -21 = r - 4*r. Let j = w + r. What is the greatest common divisor of 4 and j?
2
Let r(h) = h**2 + 12*h + 1. Let o be r(-6). Let g = 59 + o. Suppose 4*w + 0*w = g. Calculate the highest common divisor of w and 12.
6
Let p be (-179 + 9*2/6)/(-1). What is the highest common divisor of p and 16?
16
Suppose 2*d + d = 36. Let w = 335 - -208. Suppose -2*r + 0*r + 650 = 5*a, -4*a + 3*r + w = 0. Calculate the highest common factor of d and a.
12
Let n be ((-5)/(30/(-34)))/(2/6). What is the highest common factor of 1 and n?
1
Let p(u) be the second derivative of u**3/3 - 3*u**2/2 + u. Let y be p(2). Calculate the greatest common divisor of y and 9.
1
Let i(m) = -12*m**3 + 3*m**2 - 1. Let w be i(-1). Let s = -60 + 102. Calculate the greatest common divisor of s and w.
14
Let u be (-2)/(-8) - 3/12. Suppose u = -5*x + 3*h - 129, h + 3*h = 3*x + 84. Let s = x + 40. What is the highest common factor of s and 16?
16
Let y = -601 - -603. Suppose 3 - 7 = -v. Calculate the greatest common factor of y and v.
2
Let b(a) be the first derivative of a**2/2 + 16*a + 4. Let y be b(-8). What is the highest common factor of y and 8?
8
Let i be 2 + -1 + 1*3. Suppose y = -4*u + 4, 1 - 17 = -i*y - u. Let n be (-153)/(-15) - (-2)/(-10). What is the highest common factor of n and y?
2
Suppose 0 = 3*h - 1 + 10, 15 = b - 4*h. Let i(v) = 5*v + 1. Let q be i(b). Let t = 54 - 14. Calculate the greatest common factor of q and t.
8
Let u(r) = -2*r + 31. Let s be u(-9). What is the highest common divisor of s and 441?
49
Let b = 45 - -39. Let t = b - 44. Let j(d) = 4*d - 4. Let f be j(5). Calculate the greatest common divisor of t and f.
8
Let y = -4 - -24. Suppose 0 + 7 = -n. Let k = y + n. Calculate the greatest common factor of 26 and k.
13
Suppose 2*f + 6 = -0, -3*j - 2*f = -435. What is the greatest common factor of j and 21?
21
Let j(t) = 3*t - 75. Let n be j(26). Suppose 33 + 27 = 4*v. Calculate the highest common factor of n and v.
3
Suppose 2*z = 4*z - 44. Let g = 40 - z. What is the highest common divisor of 6 and g?
6
Let g(u) = 0*u**2 - u**2 - 2*u - 2 + 3*u**2. Let c be g(-2). Calculate the greatest common divisor of c and 50.
10
Let s(d) = -4*d + 61. Let n be s(7). What is the highest common divisor of 165 and n?
33
Suppose -9 - 3 = 6*t. Let q be 2 - -52 - (-2 - t). Calculate the highest common divisor of 27 and q.
27
Suppose -5*x + 4*s + 288 = -0*x, 5*s + 10 = 0. Calculate the greatest common factor of x and 7.
7
Let z = -17 + 30. Calculate the highest common factor of z and 104.
13
Let h = 17 - 10. Let f(a) = -a + 10. Let y be f(h). What is the greatest common divisor of 1 and y?
1
Suppose v - 12 = -0*v - 5*d, 2*d = 5*v - 60. Let m = v - 6. Let c be 20/m*240/25. What is the greatest common factor of 4 and c?
4
Suppose 0*c + 118 = k - 4*c, 5*k + 4*c = 542. Suppose 2 = -3*u + k. What is the greatest common factor of 12 and u?
12
Let f be ((-96)/(-18))/((-4)/(-186)). Calculate the highest common factor of 31 and f.
31
Let d = 2 - 6. Let a(u) = u**2 + 4*u. Let p be a(d). Let t be (-1)/3*(-27 + p). What is the highest common divisor of 9 and t?
9
Let g(c) = -5*c + 1. Let v be g(-7). Calculate the greatest common divisor of 24 and v.
12
Let r(m) = 3*m + 23. Let h be r(-5). Calculate the greatest common factor of h and 8.
8
Let g be (-498)/5 + 12/(-30). Let k = g + 55. Let w be k/6*(-48)/10. What is the greatest common factor of 4 and w?
4
Let n = -25 - -45. Calculate the greatest common divisor of 100 and n.
20
Let f(r) = 3*r + 6. Let m be f(-5). Let w = -4 - m. Let v = 10 - 5. What is the greatest common divisor of w and v?
5
Let r(n) = -9*n - 72. Let y be r(-10). Let g be (-8)/6*(-9)/2. Calculate the greatest common factor of g and y.
6
Suppose -3*v + 4*v = -r + 36, 2*r + 108 = 3*v. What is the greatest common divisor of 9 and v?
9
Suppose -a = -h - 3 - 8, -a = -3*h - 13. Let m(x) = x**3 + 5*x**2 + 3*x + 1. Let u be m(-3). Calculate the highest common factor of a and u.
10
Let b be (-3)/((-3)/16) + -4. What is the greatest common factor of b and 108?
12
Let f be 84/((-4)/24*-9). Let i = 24 - 16. What is the highest common factor of f and i?
8
Let q = -2 - -37. Suppose 4*t + 2 = 5*t + 3*a, 3*t - 46 = a. What is the greatest common factor of q and t?
7
Let c = -41 + -25. Let m = c + 116. Suppose 0 = -2*y - 3*y + m. Calculate the highest common factor of y and 2.
2
Suppose 0*s + 20 = -2*s. Let q = 18 + s. What is the greatest common divisor of 24 and q?
8
Let n = -11 - -15. Let m be 84/15 - n/(-10). Calculate the highest common factor of 42 and m.
6
Let s = -69 + 108. Calculate the highest common divisor of 26 and s.
13
Suppose c + 12 = 2*c. Let q be 4/(-18) + c/54. Suppose -5*i - 5*k + 25 = q, 2*i - 3*k + 7 = -3*i. Calculate the greatest common divisor of i and 9.
1
Let h(i) = i**2 + 3*i + 2. Let l be h(-3). Suppose l*j = -0*j + 28. Suppose 30 = 5*c - 40. Calculate the highest common factor of c and j.
14
Suppose 2*f = -0*f + 176. What is the highest common divisor of f and 16?
8
Let o = -30 + 39. What is the greatest common factor of 9 and o?
9
Suppose 0 = -2*x + 3*a + 3, 2*a - 14 = -4*x - 0*a. Calculate the greatest common divisor of 2 and x.
1
Let t(d) = 6*d + 17. Let v be t(8). Let m(s) = 2*s**2 - 9*s + 8. Let g be m(6). Calculate the highest common divisor of v and g.
13
Let w(v) = -v**2 - 8*v + 1. Let l be w(-4). Let d be ((-34)/4)/((135/18)/(-15)). Calculate the highest common factor of l and d.
17
Suppose 2*t = 282 - 36. Let p = t + -75. Let s be ((-8)/(-3))/((-3)/(-18)). What is the highest common divisor of p and s?
16
Suppose -2*i - 48 = -84. Suppose 0 = d - 4*n - 237, 5*n + 6 = -9. Suppose 3*b + 135 = -0*w + 3*w, 5*w = 3*b + d. What is the greatest common divisor of w and i?
9
Let i be (-17)/(-4) - 7/28. Suppose 3*c = i*l + 1, 7*c - 2*c = 5*l + 5. Calculate the greatest common factor of 18 and l.
2
Let v(t) = 29*t + 7. Let d be v(4). Calculate the greatest common divisor of 41 and d.
41
Let y = 35 + -16. What is the greatest common divisor of y and 19?
19
Let c = -12 - -17. Suppose -19*x = -23*x + 4. What is the greatest common factor of c and x?
1
Let j(f) = 45*f**2 + f - 1. Suppose 0 = 3*y, -5*o + 2*o + 3 = -5*y. Let b be j(o). Calculate the greatest common divisor of 5 and b.
5
Let z be 12*(9/6 + 2). Let m be (-1)/3 + z/18. What is the highest common factor of m and 6?
2
Suppose 46 - 4 = 3*y. Let f be ((-4)/y)/(5/(-35)). Let o(n) = -n - 4. Let x be o(-6). What is the highest common divisor of f and x?
2
Suppose 4*s = -2*z + 61 + 59, 2*s = 4. What is the greatest common divisor of z and 14?
14
Let s be (144/(-54))/(2/(-9)). Let y = 3 + 2. Suppose 0 = 4*o + t - 29, -2*t - 46 = -y*o - 0*t. Calculate the 